{"id":45,"date":"2018-12-13T16:03:42","date_gmt":"2018-12-13T15:03:42","guid":{"rendered":"http:\/\/rostrenenfc.fr\/?page_id=45"},"modified":"2023-07-10T15:40:35","modified_gmt":"2023-07-10T13:40:35","slug":"organisation","status":"publish","type":"page","link":"https:\/\/rostrenenfc.fr\/index.php\/organisation\/","title":{"rendered":"Projet club"},"content":{"rendered":"<p>[vc_row][vc_column width=\u00a0\u00bb1\/2&Prime;][vc_column_text]<\/p>\n<p style=\"text-align: center;\"><span style=\"color: #12356a;\"><b><i>Le <\/i><\/b><b><i>Rostrenen Football Club est un club formateur <\/i><\/b><i>avec une offre de pratique du football adapt\u00e9e \u00e0 chacun: <\/i><b><i>du loisir \u00e0 la comp\u00e9tition pour tous les \u00e2ges <\/i><\/b><i>s\u2019appuyant <\/i><i>sur :<\/i><\/span><\/p>\n<p style=\"text-align: center;\"><span style=\"color: #12356a;\"><i>Les principes fondamentaux <\/i><b><i>d\u2019\u00e9ducation, de citoyennet\u00e9, de lien social <\/i><\/b><i>favorisant le <\/i><b><i>bien vivre ensemble <\/i><\/b><i>et la <\/i><b><i>convivialit\u00e9<\/i><\/b><\/span><\/p>\n<p style=\"text-align: center;\"><span style=\"color: #12356a;\"><i>Un <\/i><b><i>projet sportif <\/i><\/b><i>permettant \u00e0 chacun de pouvoir progresser et prendre <\/i><i>plaisir<\/i><\/span><\/p>\n<p style=\"text-align: center;\"><span style=\"color: #12356a;\"><i>Une <\/i><b><i>volont\u00e9 de d\u00e9veloppement et d\u2019innovation <\/i><\/b><i>au service de la dynamique du territoire et des adh\u00e9rents.<\/i><\/span><\/p>\n<p>[\/vc_column_text][\/vc_column][vc_column width=\u00a0\u00bb1\/2&Prime;][vc_btn title=\u00a0\u00bbPROJET CLUB HORIZON 2022&Prime; style=\u00a0\u00bbgradient-custom\u00a0\u00bb gradient_custom_color_1=\u00a0\u00bb#6f0b2a\u00a0\u00bb gradient_custom_color_2=\u00a0\u00bb#12356a\u00a0\u00bb size=\u00a0\u00bblg\u00a0\u00bb align=\u00a0\u00bbcenter\u00a0\u00bb button_block=\u00a0\u00bbtrue\u00a0\u00bb link=\u00a0\u00bburl:http%3A%2F%2Frostrenenfc.fr%2Fwp-content%2Fuploads%2F2020%2F03%2FDEV-RFC-2022.pdf||target:%20_blank|\u00a0\u00bb][vc_btn title=\u00a0\u00bbPROJET SECTION F\u00c9MININE\u00a0\u00bb style=\u00a0\u00bbgradient-custom\u00a0\u00bb gradient_custom_color_1=\u00a0\u00bb#6f0b2a\u00a0\u00bb gradient_custom_color_2=\u00a0\u00bb#12356a\u00a0\u00bb size=\u00a0\u00bblg\u00a0\u00bb align=\u00a0\u00bbcenter\u00a0\u00bb button_block=\u00a0\u00bbtrue\u00a0\u00bb link=\u00a0\u00bburl:http%3A%2F%2Frostrenenfc.fr%2Fwp-content%2Fuploads%2F2021%2F01%2Fe%CC%81cole-fe%CC%81minine-de-football-1.pdf||target:%20_blank|\u00a0\u00bb][vc_btn title=\u00a0\u00bbPROJET SPORTIF ET P\u00c9DAGOGIQUE \u00c9COLE DE FOOT\u00a0\u00bb style=\u00a0\u00bbgradient-custom\u00a0\u00bb gradient_custom_color_1=\u00a0\u00bb#6f0b2a\u00a0\u00bb gradient_custom_color_2=\u00a0\u00bb#12356a\u00a0\u00bb size=\u00a0\u00bblg\u00a0\u00bb align=\u00a0\u00bbcenter\u00a0\u00bb button_block=\u00a0\u00bbtrue\u00a0\u00bb link=\u00a0\u00bburl:http%3A%2F%2Frostrenenfc.fr%2Fwp-content%2Fuploads%2F2022%2F08%2FCopie-de-Ajouter-un-sous-titre-1_compressed.pdf||target:%20_blank|\u00a0\u00bb][\/vc_column][\/vc_row]<\/p>\n","protected":false},"excerpt":{"rendered":"<p>[vc_row][vc_column width=\u00a0\u00bb1\/2&Prime;][vc_column_text] Le Rostrenen Football Club est un club formateur avec une offre de pratique du football adapt\u00e9e \u00e0 chacun: du loisir \u00e0 la comp\u00e9tition pour tous les \u00e2ges s\u2019appuyant sur : Les principes fondamentaux d\u2019\u00e9ducation, de citoyennet\u00e9, de lien social favorisant le bien vivre ensemble et la convivialit\u00e9 Un projet sportif permettant \u00e0 chacun&#8230;<\/p>\n","protected":false},"author":1,"featured_media":0,"parent":0,"menu_order":0,"comment_status":"closed","ping_status":"closed","template":"template-full-width.php","meta":[],"_links":{"self":[{"href":"https:\/\/rostrenenfc.fr\/index.php\/wp-json\/wp\/v2\/pages\/45"}],"collection":[{"href":"https:\/\/rostrenenfc.fr\/index.php\/wp-json\/wp\/v2\/pages"}],"about":[{"href":"https:\/\/rostrenenfc.fr\/index.php\/wp-json\/wp\/v2\/types\/page"}],"author":[{"embeddable":true,"href":"https:\/\/rostrenenfc.fr\/index.php\/wp-json\/wp\/v2\/users\/1"}],"replies":[{"embeddable":true,"href":"https:\/\/rostrenenfc.fr\/index.php\/wp-json\/wp\/v2\/comments?post=45"}],"version-history":[{"count":16,"href":"https:\/\/rostrenenfc.fr\/index.php\/wp-json\/wp\/v2\/pages\/45\/revisions"}],"predecessor-version":[{"id":4792,"href":"https:\/\/rostrenenfc.fr\/index.php\/wp-json\/wp\/v2\/pages\/45\/revisions\/4792"}],"wp:attachment":[{"href":"https:\/\/rostrenenfc.fr\/index.php\/wp-json\/wp\/v2\/media?parent=45"}],"curies":[{"name":"wp","href":"https:\/\/api.w.org\/{rel}","templated":true}]}}